{"id":61,"date":"2022-09-10T18:15:53","date_gmt":"2022-09-10T17:15:53","guid":{"rendered":"https:\/\/buildup-plus.com\/?page_id=61"},"modified":"2022-09-10T20:40:11","modified_gmt":"2022-09-10T19:40:11","slug":"ideen","status":"publish","type":"page","link":"https:\/\/buildup-plus.com\/?page_id=61","title":{"rendered":"Ideen"},"content":{"rendered":"\n<p><a href=\"#R\u00fcckbauarm\">Demontage mit R\u00fcckbauarm<\/a><br><a href=\"#Recycling\">Recycling von Br\u00fcckenelementen<\/a><br><a href=\"#AltePfeiler\" data-type=\"internal\" data-id=\"#AltePfeiler\">Behelfsbr\u00fccke auf alten Pfeilern<\/a><br><a href=\"#Bogen\" data-type=\"internal\" data-id=\"#Bogen\">Behelfsbr\u00fccke im Bogen<\/a><br><a href=\"#Super-Rollenbahn\" data-type=\"internal\" data-id=\"#Super-Rollenbahn\">Super-Rollenbahnen<\/a><\/p>\n\n\n\n<h2 id=\"R\u00fcckbauarm\">Demontage mit R\u00fcckbauarm<\/h2>\n\n\n\n<p>Neben den bekannten Verfahren zum Abriss einer Br\u00fccke bietet sich das L\u00fcdenscheider Verfahren an, welches in vielen F\u00e4llen hinsichtlich Zeit und Kosten vorteilhafter ist. Kern des Verfahrens ist ein R\u00fcckbauarm, der beim Herausschieben des Oberbaus den frei auskragenden Br\u00fcckenabschnitt unterst\u00fctzt.<\/p>\n\n\n\n<ul><li>Durch die unterst\u00fctzende Wirkung des R\u00fcckbauarms werden die Belastungen auf den alten Oberbau auf das zul\u00e4ssige Ma\u00df reduziert.<\/li><li>Die alte Br\u00fccke kann im Schiebeverfahren herausgeschoben werden. Dies kann erforderlichenfalls auch von der Mitte nach beiden Seiten erfolgen.<\/li><li>Der R\u00fcckbauarm kann aus mehreren Segmenten bestehen, die nach und nach an den alten Oberbau montiert werden.<\/li><li>Der R\u00fcckbauarm kann mit einem standardisierten Behelfsbr\u00fcckenbautyp kompatibel sein.<\/li><li>Durch Einsatz von \u201eSuper-Rollbahnen\u201c kann auch ein Abbau einer Br\u00fccke mit nicht konstanter Kr\u00fcmmung erfolgen (separate Beschreibung).<\/li><\/ul>\n\n\n\n<p>Im Vergleich zu anderen Verfahren (z. B. Sprengung) erfolgt ein deutlich geringerer Eingriff in die Umwelt und es ist eine kurze Abbauzeit zu erwarten.&nbsp;<\/p>\n\n\n\n<h2 id=\"Recycling\">Recycling von Br\u00fcckenelementen<\/h2>\n\n\n\n<p>Die erneute Nutzung von Elementen einer Betonbr\u00fccke er\u00f6ffnet viele Anwendungsm\u00f6glichkeiten bei Reduzierung der Entsorgungskosten.<br>Von besonderem Interesse sind die Hohlkastenelementen einer gr\u00f6\u00dferen Betonbr\u00fccke. Diese besitzen eine hohe Stabilit\u00e4t und k\u00f6nnen nach entsprechender Vorbereitung des Baugrunds schnell am neuen Standort montiert werden.<br>Dies kann insbesondere f\u00fcr \u00dcberquerungen von z.B. Bachl\u00e4ufen, Wildwechseln usw. genutzt werden oder auch f\u00fcr die Errichtung von Wohn- und Zweckbauten. Weitere Anwendungen sind denkbar.<br>Dieses Recycling von Segmenten ist unter Umweltgesichtspunkten von Vorteil, dies wird zunehmend Bedeutung erlangen.<br>Die \u00f6ffentlichen Bautr\u00e4ger sind aufgefordert, diese Wiederverwendung in ihren Ausschreibungen zu ber\u00fccksichtigen.<\/p>\n\n\n\n<h2 id=\"AltePfeiler\">Behelfsbr\u00fccke auf alten Pfeilern<\/h2>\n\n\n\n<p>Eine kurzfristig gesperrte, wichtige Br\u00fcckenverbindung stellt eine gro\u00dfe Herausforderung dar. Wenn dann noch aufgrund der Konstruktion f\u00fcr einen Neubau ein Komplettabriss notwendig wird, besteht eine Sperrung \u00fcber Jahre. Die Folgen f\u00fcr die betroffene Region sind fatal.<br>Die schnellste L\u00f6sung f\u00fcr eine Wiederherstellung der Br\u00fcckenverbindung ist eine geeignet positionierte Behelfsbr\u00fccke. Nat\u00fcrlich ohne eine neue, parallele Trasse und ohne Behinderung des Neubaus.<br>Dadurch k\u00f6nnen mit dem Neubau in Genua vergleichbare Bauzeiten erzielt werden.<\/p>\n\n\n\n<h2 id=\"Bogen\">Behelfsbr\u00fccke im Bogen<\/h2>\n\n\n\n<p>Behelfsbr\u00fccken werden oft im Taktschiebeverfahren in geradem Verlauf montiert. Durch eine neue L\u00f6sung wird der Einbau einer Behelfsbr\u00fccke in einem horizontalen Bogen (Kr\u00fcmmung) und\/oder Gradiente im Taktverfahren m\u00f6glich. Kern des Konzeptes sind:<\/p>\n\n\n\n<ul><li>Radiusbauwerke bilden zusammen mit den geraden Br\u00fcckenelementen ein Polygon, welches der Kr\u00fcmmung der Br\u00fccke entspricht. Die Kr\u00fcmmung muss nicht konstant sein. Die Radiusbauwerke dienen zur Auflage der Behelfsbr\u00fccke und zur \u00dcbernahme der zus\u00e4tzlichen Kr\u00e4fte durch den Bogen am Polygonknick. Die Behelfsbr\u00fcckenst\u00fccke werden zwischen den Radiusbauwerken in geradem Verlauf montiert und daher nur entsprechend ihrer Auslegung belastet.<\/li><li>Super-Rollenbahnen (separate Beschreibung) erlauben im Taktschiebeverfahren Bewegungen der Br\u00fcckenauflage l\u00e4ngs, quer und vertikal zur Trasse und weiterhin eine Drehbewegung der Rollenbahn.<\/li><\/ul>\n\n\n\n<p>Das Konzept erweitert damit die Einsatzm\u00f6glichkeiten von Behelfsbr\u00fccken.&nbsp;<\/p>\n\n\n\n<h2 id=\"Super-Rollenbahn\">Super-Rollenbahnen<\/h2>\n\n\n\n<p>Behelfsbr\u00fccken werden \u00fcblicherweise in geradem Verlauf montiert. Mit einer Super-Rollenbahn kann eine Behelfsbr\u00fccke mit einer horizontale Kr\u00fcmmung und\/oder Gradiente montiert werden und dies sogar im Taktschiebeverfahren.<br>Das Konzept erweitert die Einsatzm\u00f6glichkeiten von Behelfsbr\u00fccken im Taktschiebeverfahren, kann aber f\u00fcr alle Br\u00fcckenarten eingesetzt werden.<\/p>\n","protected":false},"excerpt":{"rendered":"<p>Demontage mit R\u00fcckbauarmRecycling von Br\u00fcckenelementenBehelfsbr\u00fccke auf alten PfeilernBehelfsbr\u00fccke im BogenSuper-Rollenbahnen Demontage mit R\u00fcckbauarm Neben den bekannten Verfahren zum Abriss einer Br\u00fccke bietet sich das L\u00fcdenscheider Verfahren an, welches in vielen [&hellip;]<\/p>\n","protected":false},"author":1,"featured_media":0,"parent":0,"menu_order":0,"comment_status":"closed","ping_status":"closed","template":"","meta":[],"_links":{"self":[{"href":"https:\/\/buildup-plus.com\/index.php?rest_route=\/wp\/v2\/pages\/61"}],"collection":[{"href":"https:\/\/buildup-plus.com\/index.php?rest_route=\/wp\/v2\/pages"}],"about":[{"href":"https:\/\/buildup-plus.com\/index.php?rest_route=\/wp\/v2\/types\/page"}],"author":[{"embeddable":true,"href":"https:\/\/buildup-plus.com\/index.php?rest_route=\/wp\/v2\/users\/1"}],"replies":[{"embeddable":true,"href":"https:\/\/buildup-plus.com\/index.php?rest_route=%2Fwp%2Fv2%2Fcomments&post=61"}],"version-history":[{"count":7,"href":"https:\/\/buildup-plus.com\/index.php?rest_route=\/wp\/v2\/pages\/61\/revisions"}],"predecessor-version":[{"id":88,"href":"https:\/\/buildup-plus.com\/index.php?rest_route=\/wp\/v2\/pages\/61\/revisions\/88"}],"wp:attachment":[{"href":"https:\/\/buildup-plus.com\/index.php?rest_route=%2Fwp%2Fv2%2Fmedia&parent=61"}],"curies":[{"name":"wp","href":"https:\/\/api.w.org\/{rel}","templated":true}]}}